mon factor of 264 and 5352.
24
Calculate the highest common factor of 142166 and 186.
62
What is the highest common divisor of 1436274 and 2016?
126
What is the greatest common factor of 42 and 193263?
21
Calculate the highest common divisor of 2170 and 113770.
310
What is the greatest common divisor of 2307 and 108?
3
What is the highest common divisor of 7716 and 36?
12
What is the highest common divisor of 10 and 10925?
5
What is the greatest common factor of 15 and 74415?
15
What is the greatest common factor of 10 and 103225?
5
What is the greatest common divisor of 5086494 and 5110?
1022
What is the greatest common divisor of 255 and 28713?
51
Calculate the greatest common factor of 845556 and 372.
372
Calculate the greatest common factor of 1270083 and 276.
69
What is the highest common factor of 1168 and 2012?
4
Calculate the greatest common divisor of 105 and 218260.
35
Calculate the greatest common factor of 314032 and 76.
76
Calculate the greatest common factor of 24 and 430680.
24
What is the greatest common divisor of 24 and 40344?
24
What is the greatest common factor of 161450 and 300?
50
What is the highest common factor of 14544 and 144?
144
Calculate the greatest common factor of 539 and 124817.
77
Calculate the highest common divisor of 498 and 2594082.
498
Calculate the highest common factor of 29798 and 2219.
317
Calculate the greatest common divisor of 44931 and 1632.
51
Calculate the greatest common divisor of 40 and 58490.
10
Calculate the highest common divisor of 22398 and 48.
6
Calculate the greatest common factor of 1799 and 1.
1
What is the greatest common divisor of 87 and 69165?
87
What is the greatest common factor of 13512 and 96?
24
Calculate the highest common factor of 52116 and 82416.
1212
What is the highest common factor of 3555 and 900?
45
What is the highest common factor of 162 and 72738?
162
Calculate the highest common divisor of 4048 and 77648.
368
Calculate the highest common divisor of 509931 and 9.
9
Calculate the greatest common divisor of 128 and 122048.
64
Calculate the highest common factor of 9689497 and 353.
353
What is the highest common factor of 1088 and 25936?
16
What is the greatest common divisor of 11100 and 123025?
925
Calculate the highest common divisor of 5215341 and 129.
129
Calculate the highest common divisor of 264 and 759.
33
Calculate the highest common divisor of 9325668 and 318.
318
What is the highest common divisor of 198 and 26802?
18
What is the greatest common factor of 505 and 1616?
101
Calculate the highest common divisor of 1110501 and 36.
9
What is the greatest common divisor of 1963 and 16308?
151
Calculate the greatest common factor of 27275 and 35.
5
Calculate the greatest common factor of 111792 and 680.
136
Calculate the highest common divisor of 28 and 31402.
14
What is the greatest common divisor of 4165 and 30855?
85
Calculate the greatest common factor of 3 and 18633.
3
Calculate the highest common factor of 1569150 and 900.
450
Calculate the highest common divisor of 60 and 62500.
20
What is the greatest common divisor of 3816 and 1068056?
424
Calculate the highest common divisor of 361840 and 2.
2
Calculate the highest common factor of 322710 and 3720.
930
Calculate the highest common divisor of 45396 and 1248.
156
What is the highest common factor of 112 and 27118?
14
What is the greatest common factor of 275908 and 368?
92
What is the greatest common divisor of 55 and 33595?
5
What is the highest common divisor of 770 and 2030?
70
What is the highest common factor of 1989 and 6579?
153
Calculate the greatest common factor of 124 and 1025356.
124
Calculate the highest common factor of 116 and 26361.
29
What is the greatest common divisor of 179440 and 392?
8
What is the highest common factor of 43898 and 282?
94
What is the greatest common divisor of 5 and 3301835?
5
What is the highest common factor of 49504 and 442?
442
What is the greatest common factor of 65009 and 259?
259
What is the highest common factor of 112 and 12418?
14
Calculate the greatest common divisor of 45 and 305280.
45
Calculate the greatest common factor of 1400 and 162050.
350
Calculate the greatest common factor of 1592 and 18.
2
Calculate the highest common divisor of 377406 and 6.
6
Calculate the highest common divisor of 36 and 451476.
36
What is the highest common divisor of 146 and 106361?
73
Calculate the highest common divisor of 123008 and 7552.
128
Calculate the highest common divisor of 48 and 1195452.
12
What is the greatest common divisor of 5959850 and 150?
50
What is the greatest common factor of 56 and 1437088?
8
What is the greatest common factor of 343 and 959?
7
What is the greatest common divisor of 1404 and 326268?
108
What is the greatest common divisor of 8 and 55864?
8
What is the highest common factor of 644 and 149753?
23
Calculate the greatest common factor of 159341 and 309.
103
What is the highest common factor of 40362 and 189?
21
Calculate the greatest common factor of 1238758 and 254.
254
What is the highest common divisor of 148 and 273430?
74
What is the highest common factor of 1305 and 4230?
45
Calculate the highest common factor of 1655 and 135.
5
Calculate the highest common factor of 4149126 and 54.
18
What is the highest common factor of 3655 and 1445?
85
Calculate the highest common factor of 2184 and 13546.
26
Calculate the highest common factor of 244670 and 20.
10
What is the greatest common divisor of 4630 and 338916?
926
What is the greatest common divisor of 12 and 137160?
12
Calculate the greatest common factor of 24585 and 285.
15
Calculate the highest common divisor of 385636 and 458.
458
What is the greatest common factor of 640936 and 8?
8
What is the greatest common divisor of 164 and 30096?
4
What is the highest common factor of 40320 and 16080?
240
What is the greatest common divisor of 26741 and 272?
17
Calculate the highest common factor of 4158 and 216.
54
Calculate the greatest common factor of 1056 and 8400.
48
What is the highest common divisor of 84 and 3468?
12
What is the highest common divisor of 222028 and 141?
47
What is the greatest common divisor of 19712 and 1288?
56
What is the greatest common divisor of 5083 and 2125?
17
Calculate the greatest common divisor of 2457345 and 33.
33
Calculate the highest common divisor of 15 and 3273.
3
Calculate the greatest common divisor of 1498 and 7882.
14
What is the greatest common divisor of 14 and 16429?
7
Calculate the greatest common divisor of 153 and 880872.
51
What is the greatest common divisor of 260604 and 2032?
508
Calculate the greatest common divisor of 3427932 and 12.
12
Calculate the greatest common divisor of 78 and 94809.
39
What is the greatest common factor of 18447 and 156?
39
Calculate the highest common factor of 4150 and 2450.
50
Calculate the greatest common factor of 393 and 1288909.
131
Calculate the highest common factor of 88844 and 40748.
668
Calculate the highest common divisor of 34347 and 3.
3
Calculate the greatest common factor of 66129 and 70350.
1407
Calculate the highest common divisor of 166 and 2272042.
166
What is the highest common factor of 145852 and 98?
14
Calculate the highest common divisor of 1775 and 1136.
71
Calculate the highest common divisor of 16017 and 35687.
281
Calculate the greatest common factor of 5160 and 16680.
120
What is the greatest common divisor of 115136 and 280?
56
Calculate the highest common factor of 176 and 3002032.
176
What is the greatest common divisor of 69 and 243?
3
Calculate the highest common factor of 2 and 54433.
1
Calculate the highest common divisor of 65 and 3580.
5
Calculate the highest common factor of 30070 and 7440.
310
What is the greatest common divisor of 4625 and 2405?
185
What is the greatest common divisor of 22149 and 27?
9
Calculate the highest common divisor of 37 and 2300253.
37
Calculate the greatest common factor of 5598 and 5287.
311
Calculate the greatest common divisor of 183 and 13329.
3
Calculate the highest common divisor of 896 and 44352.
448
Calculate the greatest common divisor of 3372 and 24.
12
Calculate the highest common factor of 1934 and 2792696.
1934
Calculate the highest common factor of 7770 and 1155.
105
What is the greatest common factor of 51636 